 82 = 15, -w*d - 229 = -4*r. What is the units digit of r?
1
Suppose n = x + 16904, 35*n - 84526 = 30*n + 3*x. What is the ten thousands digit of n?
1
Let k be 2 + 0 + 2 - -951. Let o = k - 532. What is the units digit of o?
3
Suppose 53*h = 141081 + 2587465. What is the thousands digit of h?
1
Let w(d) = 3743*d + 8210. What is the ten thousands digit of w(5)?
2
Suppose 0 = 12*o - 32*o - 6*o + 932646. What is the tens digit of o?
7
Suppose q = h + 14228, -10*h = 4*q - 7*h - 56975. What is the tens digit of q?
3
Let n(q) = -q**2 + 5*q + 2. Let c be n(5). Suppose 3*g = -0*a + 5*a - 5517, 5*g - 2213 = -c*a. What is the tens digit of 2/(-3)*(-5)/(20/a)?
8
What is the units digit of (-8 - (2 + -6) - -7930)/2?
3
Let j(k) be the third derivative of -k**5/3 - 5*k**4/24 + k**3 - 16*k**2. Let l(m) be the first derivative of j(m). What is the units digit of l(-1)?
5
Let k = -1049 - -5661. What is the hundreds digit of k?
6
Let b be (45 + -42)*146/(-3). Let i = 1497 - b. What is the tens digit of i?
4
Suppose 30*y + 38349 = 168159. Suppose 25*b - 298 = y. What is the hundreds digit of b?
1
Let h be ((-7)/3 - -2)/(3/(-54)). Suppose 2*u - 10 = -3*u, 0 = w + 5*u - h. What is the units digit of -4 - (w + 6 - 15)?
9
Suppose 0*f - 50 = -10*f. Suppose -j + 9 = 12, -5*r = f*j + 5. Suppose r*v - 492 = -2*v. What is the units digit of v?
3
Suppose -29*m - 80 = -45*m. Suppose 2*a + 32 = g - 45, -m*g + 373 = 2*a. What is the units digit of g?
5
Let v be -7 - 162/36*(-2 - 0). Suppose 8 + 318 = 3*l - 2*c, -c = -l + 108. Suppose -4*f + l = -v*f. What is the units digit of f?
5
Let o(y) = -4*y**2 + 49*y + 1. Let i be o(12). Let x(w) = 2*w**3 - 18*w**2 + 12*w - 53. What is the thousands digit of x(i)?
1
Let c(f) = 3*f**2 - 7*f - 2. Let o be (0 - (-1 - -2))*114/(-19). What is the units digit of c(o)?
4
Suppose 3*k + 6*v = v + 29, -3*k + 5*v = 11. Suppose g + 16 = k*g. Let f = g - -33. What is the tens digit of f?
4
What is the units digit of (-8347)/(2*(-15)/30)?
7
What is the units digit of (-490072)/(-18) + 152/(-684)?
6
Let b be (-6)/(-2)*(-101)/3. Let p = b + 63. Let d = p + 69. What is the units digit of d?
1
What is the units digit of (2019 + -89)/((-2)/(-22))?
0
Let m be -2 - (-2 + 6 - 6). Suppose t = -m*t + 114. Suppose -s + t = 33. What is the tens digit of s?
8
Let i = -77 + 51. Let p = 31 + i. Suppose p*m - 75 = -3*y + 82, -2*y = 5*m - 113. What is the units digit of y?
4
Let h be 10/((4/3)/((-14)/(-21))). Suppose -3*w = -h*m + 3030, 3*m + m = 2*w + 2422. What is the units digit of m?
3
Let j be 56/4 - -1 - 1. Let b be (-40)/70 + (-1070)/j. Let t = -30 - b. What is the tens digit of t?
4
Let d = 9 - -15. Let p(o) = 10*o - 13 + d*o**2 - 28*o - 25*o**2. What is the tens digit of p(-9)?
6
Let o(p) = 29 + 33 - 88 - 33*p + 25. Let i be o(5). Let g = i - -239. What is the units digit of g?
3
Let n be 9/(582/(-576) + 1). Let g = 1217 + n. What is the units digit of g?
3
Suppose 38077 = -13*o + 161083. What is the thousands digit of o?
9
Suppose -1802*k + 1798*k = -12228. What is the tens digit of k?
5
Suppose -3*s = -9*s + 118854. Suppose -30*j - 2709 + s = 0. What is the units digit of j?
0
Let z(m) be the second derivative of -205*m**3/6 + 6*m**2 - 151*m. What is the hundreds digit of z(-5)?
0
Let f = -26 - -34. Let r be 6*((-52)/f + -2). Let y = r + 57. What is the units digit of y?
6
Let h be 1/((-5)/(-380)*4). Let r be h/(-3) + 6/18. What is the tens digit of (r + 4)*(-1 - 10)?
2
Suppose -a = 7*a - 16. Let u(b) = 37 - 30 - 67 - b**a + 0*b**2 + 34*b. What is the tens digit of u(29)?
8
Suppose 3*l = -43*u + 42*u + 9331, 12452 = 4*l - 4*u. What is the hundreds digit of l?
1
Suppose s - 5 = -2*b, -3*s = b - 5*s. Suppose -2*v + 0*v = b*n - 32, v - 14 = n. What is the tens digit of v?
1
Let a(z) = -4*z - 24*z + 0 + 40*z + 40. What is the units digit of a(16)?
2
Let y be 1 + -23 + 15 - (-12)/1. Suppose 2*r - r - 10 = -5*s, 2*s = r - 3. Suppose -2*p + 3*p = -y*m + 765, 3*m = r*p + 431. What is the hundreds digit of m?
1
Let n = 14 - 12. Suppose -4*r + n*r = -5*r. What is the tens digit of 519/9*(3 + r) - 4?
6
Let u(k) = -98*k - 275. Let t(l) = -48*l - 137. Let s(g) = 5*t(g) - 2*u(g). What is the hundreds digit of s(-8)?
2
Let o(r) = -r**3 - 6*r**2 - 5*r - 29. Suppose -11*b = 3*b + 84. What is the units digit of o(b)?
1
Let h(i) = -i**2 + 11*i + 5. Let y be (6/(-4))/(0 - (-6)/(-44)). Let q be h(y). Suppose -2*z + 169 = d, q*d - 81 - 76 = -2*z. What is the units digit of z?
6
Suppose -8*f + 0 = 24. Let b be (-914)/(-18) - (116/(-36) - f). What is the tens digit of b*1/((-4)/(-4))?
5
Let n = 10098 - 5816. What is the tens digit of n?
8
Let c(g) = 6*g**3 - 33*g**2 - 27*g - 126. What is the units digit of c(15)?
4
Let p = 39535 + -25837. What is the units digit of p?
8
What is the hundreds digit of (9/(25 + -7))/((-21)/(-131208))?
1
Suppose -4*t - 7*r = -63184, t + 3*r - 23532 = -7726. What is the ten thousands digit of t?
1
Let c = -10 + 5. Let y be (c/10)/((-4)/16). Let r(t) = 3*t**3 - t**2 + 3*t - 3. What is the units digit of r(y)?
3
What is the hundreds digit of (5848/12)/(-8 + 592/72)?
1
Let u(v) = 24*v**3 - 74*v**2 + 3*v + 151. What is the hundreds digit of u(10)?
7
Suppose 3*a + 204879 = 3*d, -3011*d - 68266 = -3012*d + 4*a. What is the hundreds digit of d?
3
Let i = 5 - -3. Suppose -o = y - 5 - 12, -y + 2*o + 2 = 0. Suppose -392 = -y*n + i*n. What is the units digit of n?
8
Suppose -2*d - 4*l = 0, 6 = 10*l - 12*l. Suppose d*h - 15521 = -11*h. What is the units digit of h?
3
Let j = 38991 + -19436. What is the ten thousands digit of j?
1
Suppose 5*q + 1671 = 3*m - 107, -2*m - 4*q = -1222. What is the tens digit of m?
0
Let f be 87/(6/(-12)*4/74). Let b = -2054 - f. What is the thousands digit of b?
1
Suppose -r = 3*z - 3*r - 427, 0 = 2*z + 3*r - 263. Suppose -z*q + 286 = -138*q. Suppose -q - 231 = -2*x + d, 0 = x + 2*d - 266. What is the units digit of x?
0
Let o be 42/8 - 2/8. Let u be 2 + (460/(-38) + 12 - (-2)/19). Suppose -u*k + 5*y = -461, 4*k - o*y = 3*k + 233. What is the tens digit of k?
2
Let j be 4 - ((-6)/3 + 2). Suppose -j*k - 10 = -6*k. What is the tens digit of (k/2)/(7/266)?
9
Let s(m) = -m**3 + 128*m**2 - 1099*m + 369. What is the tens digit of s(118)?
2
Suppose 30*v - 57*v = 54. Let l(z) = z**3 + 3*z**2 - z + 3. Let t be l(-6). What is the tens digit of (t/(-18))/(v/(-44))?
2
Let b = -2 + -186. Let d be (-1)/(-3)*6/(-4)*b. Suppose 14*o = 16*o - d. What is the units digit of o?
7
Let m(n) = n**3 - 17*n**2 - 28*n + 25. Let h be -2*(-6)/24*38. What is the hundreds digit of m(h)?
2
Suppose 4*i - 27*w + 24*w = 76889, i = 4*w + 19232. What is the ten thousands digit of i?
1
What is the hundreds digit of 3 + (-37)/(185/(-130335))?
0
Let j = -41 + -218. Let z = -82 - j. What is the tens digit of z?
7
Suppose 0*o - 2*o = -6. Let n(r) = 25*r + 20. Let v(l) = 116*l + 82. Let i(z) = -9*n(z) + 2*v(z). What is the units digit of i(o)?
5
Let w(n) = -249*n + 265. What is the tens digit of w(-8)?
5
What is the tens digit of (-1)/((4/24)/((-54109)/22))?
5
Let n(d) be the first derivative of -52*d**2 - 24*d - 77. What is the tens digit of n(-4)?
9
Suppose 21445 = 10*r - 165285. What is the tens digit of r?
7
Let k(m) = -13*m - 8. Let p(f) = f**2 + 12*f + 8. Let u(q) = 4*k(q) + 5*p(q). Let v be u(-1). Suppose -10*l = -v*l - 700. What is the tens digit of l?
4
Let w(v) = -2*v**2 + 132*v + 27. What is the hundreds digit of w(13)?
4
Suppose -j + 4 = 0, -28*h - 5*j - 94410 = -33*h. Suppose 16*i + 3*i = h. What is the units digit of i?
4
Suppose 0*u - 237 = 6*u + 561. Suppose -24 = 3*l - 2*n, -l + 5*n - 9 = 4*n. What is the hundreds digit of 2 + -3 - (l + u)?
1
Let j(c) = -13*c - 359. Let q be j(-33). Suppose -z + 42 = t, 0*t = 3*t - 2*z - 121. Let r = t + q. What is the hundreds digit of r?
1
Let x be (-4*(-6)/(-48))/((-1)/698). Suppose -r + x - 115 = 0. What is the tens digit of r?
3
Let w(h) = -h**3 + h**2 + 3*h + 1889. What is the tens digit of w(0)?
8
Let n(m) = -m**3 + 6*m**2 - 2*m - 16. Let z be n(3). What is the units digit of 227 - 3 - (-25)/(-10 + z)?
9
What is the thousands digit of 28697 - 5 - (-5 + 0 - -3)?
8
Suppose -503020 = -58*d - 120742. What is the units digit of d?
1
Let o(a) = 24133*a**3 - 8*a**2 + 4*a. What is the ten thousands digit of o(1)?
2
Suppo